 f*(3 + 4) - -1 is divided by 3.
2
Suppose 9*f - 235 = 4*f. Calculate the remainder when f is divided by 1/1 - (-22)/2.
11
Suppose 3*w - 15 = 6*k - 3*k, -4*k = -w + 2. What is the remainder when 10 is divided by w?
4
Let t(b) = 2*b**2 + 4*b - 15. What is the remainder when t(-7) is divided by 14?
13
Suppose 2*z + 0*z = -48. Calculate the remainder when z/(-5 + 3) - -3 is divided by 8.
7
What is the remainder when 37 is divided by (-52)/6*12/(-8)?
11
Let w be 10/(-6)*3*1. Calculate the remainder when 19 is divided by 3*1 + (-10)/w.
4
Let k be (-1581)/(-9) - (-4)/(-6). Suppose -2*j - 41 = 3*q - 4*q, 0 = -4*q - 3*j + k. Calculate the remainder when q is divided by 22.
21
Let g(n) = -77*n**3 + 2*n + 1. Let c(f) = f - 10. Let p be c(9). Let q be g(p). What is the remainder when 7 is divided by 2/7 - q/(-28)?
1
Let t(a) = 24*a**2 - 5*a + 1. Calculate the remainder when t(-3) is divided by 39.
37
Let y = 14 + -9. Suppose 1 = 2*p - y. Suppose p*c - 5*l = 173 - 33, 12 = -3*l. Calculate the remainder when c is divided by 14.
12
Suppose 5*n = -u + 17, -68 = 2*u - 6*u + 4*n. Calculate the remainder when 65 is divided by u.
14
Calculate the remainder when 44 is divided by (3/3)/((-6)/(-138)).
21
Suppose -4 = q - 15. Calculate the remainder when 20 is divided by q.
9
Suppose 4*v - 5*w - 74 = 0, -3*v - 4*w + 38 = w. Suppose 3*f - 2*m = v, -17 = -0*f + 4*f + 5*m. What is the remainder when 44 is divided by (5/f)/(4/24)?
14
Let x be (-1)/2*(-4 + 1 - -3). Suppose n - r = 30, -4*n + 99 = -r - 21. Suppose x = -3*u + 9 + n. Calculate the remainder when u is divided by 7.
6
Suppose 4*c - n = 28, 0 = -c - 2*c - 4*n + 40. Let j(i) = 5*i - 1. Suppose -9 = -3*w - 0*w. Calculate the remainder when j(w) is divided by c.
6
Calculate the remainder when 273 is divided by (-3)/5 - 3728/(-80).
43
Suppose -174 = 4*k - 9*k - j, -k + 32 = 3*j. What is the remainder when 67 is divided by k?
32
Let a(k) = -k**2 - 20*k - 1. What is the remainder when a(-9) is divided by 33?
32
Suppose -8*g + 165 = -115. What is the remainder when 95 is divided by g?
25
Let h = 34 - 24. Calculate the remainder when h is divided by 6.
4
Suppose -4*x - 18 = -58. What is the remainder when 56 is divided by x?
6
Suppose 0 = -5*a - 3*f + 71, 0 = -5*f + f - 12. What is the remainder when 108 is divided by a?
12
Let h(z) = 2*z**2 + z + 4. Suppose 2*f + 2*f = 0. Suppose 0 = -5*y + 2*d - 31, 20 = -y - f*d + 5*d. Calculate the remainder when h(y) is divided by 17.
15
Suppose 12 = 2*c - 2*o, -8 = 2*c - o - 22. Suppose 5*s - 72 = -222. Let f = s - -53. What is the remainder when f is divided by c?
7
Let y = -98 - -247. What is the remainder when y is divided by 25?
24
Let v be 6/8 - (-11871)/(-36). What is the remainder when 20 is divided by v/(-49) + (-2)/(-7)?
6
Suppose -3*o + 2*y + 136 = 0, 52 = o - 0*y - 4*y. What is the remainder when o is divided by 23?
21
Let i(h) = 3*h**3 + 2*h**2 - 74. Let y(j) = -4*j**3 - 3*j**2 + 74. Let n(u) = -3*i(u) - 2*y(u). Calculate the remainder when n(0) is divided by 15.
14
Suppose -3*v + 63 = 5*y, 0 = -3*y + 4*y - 3. Let x = 8 - -9. Let n = x - 8. What is the remainder when v is divided by n?
7
Let r = -98 - -138. Calculate the remainder when r is divided by 14.
12
Let q = -28 + 34. Suppose 4*t + 93 = 3*x, -15 = 8*t - 3*t. What is the remainder when x is divided by q?
3
Suppose t + 10 = -t. Calculate the remainder when 146/10 - 2/t is divided by 4.
3
Let n = 1721 - 1702. Let a be (0 - -1) + 18/2. Suppose 2*p - 3*p + a = 0. What is the remainder when n is divided by p?
9
Let n = 14 + -2. Suppose 0 = 4*w + 8, 5*w - 265 = -4*q - 87. What is the remainder when q is divided by n?
11
Let j(l) = l**3 - 4*l**2 - 11*l + 10. Calculate the remainder when 28 is divided by j(6).
12
Let j = 81 + -46. Suppose 5*b - 14 = 21. Suppose 0 = -q - b + 16. Calculate the remainder when j is divided by q.
8
Let m(x) = 2*x**2 - 9*x + 4. What is the remainder when m(7) is divided by 14?
11
Suppose -2*u - u + 26 = 4*q, 5*q - 33 = -4*u. Let t = 420 + -237. Suppose -u*f - f = -t. What is the remainder when f is divided by 21?
19
Suppose 5*j - 1 - 9 = 5*t, -2*j + t + 1 = 0. Let z = j + 3. What is the remainder when 530/(-5)*(-1)/z is divided by 18?
17
Let q(m) = m**3 + 5*m**2 - 3*m + 2. Suppose 0 = h - 3 - 1. What is the remainder when h + 30 - (1 - -1) is divided by q(-5)?
15
Suppose 3*i - 5*i + 676 = 5*z, 390 = 3*z - 4*i. Calculate the remainder when z is divided by 47.
40
What is the remainder when 52 is divided by 172/16 - (-1)/4?
8
Let i(c) = -2*c**3 - 3*c**2 - 2*c + 4*c**3 + 5*c - 3. Let j(o) = -o**3 + 3*o**2 + o - 1. Let y be j(3). Calculate the remainder when i(y) is divided by 4.
3
Suppose 4*v - 65 = -v. Suppose 3*p - 3*c = 162, 4*c = 2*p - 6*p + 192. Calculate the remainder when p is divided by v.
12
Let d(t) = -t + 20. What is the remainder when 20 is divided by d(9)?
9
Let a(i) = -i**2 - i + 4. Let v be a(0). Suppose 2*p - v*p = 54. Let k = -17 - p. What is the remainder when 39 is divided by k?
9
Suppose -4 = -d + 9. Calculate the remainder when d is divided by 7.
6
Suppose -l + 29 + 7 = 0. What is the remainder when 142 is divided by l?
34
Let w = 99 - 86. What is the remainder when 101 is divided by w?
10
Suppose -3*s + 17 = -2*s. Suppose -3*a = a + 5*l - 137, -2*l + 167 = 5*a. Calculate the remainder when a is divided by s.
16
Suppose 253 = 8*s + 3*s. What is the remainder when 41 is divided by s?
18
What is the remainder when 52 is divided by 59/4 + 18/(-24)?
10
Let m(q) = -q - 12. Let g be m(-10). What is the remainder when g/3*759/(-22) is divided by 6?
5
Let m be (-3)/(12/(-22))*2. Let z = 26 - m. Calculate the remainder when z is divided by 8.
7
Suppose 6*n - 2*n = 12. Suppose 0 = -n*k + 5*k - 82. Suppose -k = -5*s - v, 33 = 7*s - 3*s + v. What is the remainder when s is divided by 5?
3
Let n(h) = 6*h - 21. Let b(j) = -j + 4. Let z(g) = -11*b(g) - 2*n(g). Calculate the remainder when z(-13) is divided by 6.
5
Let v(m) = m**3 + m + 187. Suppose 20 = -5*f + 4*l, 4*l - 6 = 14. Let k be v(f). Suppose -k + 32 = -5*y. Calculate the remainder when y is divided by 11.
9
What is the remainder when 60 is divided by (-2)/(-9) + 2212/252?
6
Let q be 2/(-4) - 5/(-2). Suppose -2*m = -0*c - 4*c + 68, 17 = c - q*m. Calculate the remainder when c is divided by 6.
5
Let y be -2 - (-12)/2 - 0. Let j(l) = -l**3 + 4*l**2 - l + 2. Let z be j(y). Calculate the remainder when 73 is divided by (4 + z)/((-2)/(-19)).
16
Let k = -58 - -112. Suppose -4*j + 48 = 3*i - 7*i, -2*j - 4*i = -k. What is the remainder when 49 is divided by j?
15
Let p = -20 + 26. Calculate the remainder when 11 is divided by p.
5
Suppose 23*j = 10*j + 455. Suppose -c - 27 = -4*c. Calculate the remainder when j is divided by c.
8
Let m(u) = 1 + 0 + 5 + u - 5. Let c be m(-1). Calculate the remainder when c + -1 + 90/5 is divided by 6.
5
Suppose 37 + 23 = 5*x. What is the remainder when 57 is divided by x?
9
Suppose -3*r = 5*j - 62, 0 = -3*j - 5*r + 10 + 40. What is the remainder when 47 is divided by j?
7
Let p = 15 - 11. Let n be -1*-5*(-3 + p). Suppose n*z = 4*j - 52, j - 3 = -3*z + 27. What is the remainder when 52 is divided by j?
16
Let d(q) = q**3 - 7*q**2 + 8*q - 18. What is the remainder when d(8) is divided by 57?
53
Let k(a) = a - 6. Let j be k(9). Suppose j*h + 3 = 0, -3*x - 3*h + 35 = -2*h. Let v = x - 7. Calculate the remainder when 13 is divided by v.
3
What is the remainder when 4 + -3 + 129 + 1 is divided by 19?
17
Suppose 14 = -2*w + 10. Let q = 6 - w. Calculate the remainder when 23 is divided by q.
7
Let o = -20 + 64. What is the remainder when o is divided by 15?
14
Let j(w) = 3*w**2 + w - 3. Calculate the remainder when j(3) is divided by 15.
12
Let o = -18 + 48. Suppose 5*r - 3*k = 2*k + 135, 4*k = r - o. What is the remainder when r is divided by 7?
5
Let h = -2 - -3. What is the remainder when 2 is divided by (9/(-3) - -3) + h?
0
Let h = -1 - -2. What is the remainder when (5/(-25))/((-2)/20) is divided by h?
0
Suppose 3*r = 4*y + 42, 18 = 2*r + 5*y - 33. What is the remainder when 32 is divided by r?
14
Let l = -4 + 6. Suppose 0 = -w + l*j - 6, -4*w + j + j = 18. Let r = -3 - w. Calculate the remainder when 2 is divided by r.
0
Suppose -r = -5*r + 136. Let d = -2 - -7. Suppose -3*w + d*k = -29, -23 = 2*w - 3*